 factors of 1703953?
29, 58757
List the prime factors of 1571184.
2, 3, 3637
What are the prime factors of 2143355?
5, 428671
What are the prime factors of 126874?
2, 11, 73, 79
List the prime factors of 178621.
178621
What are the prime factors of 222929?
7, 31847
List the prime factors of 4966457.
43, 115499
What are the prime factors of 5136696?
2, 3, 7927
What are the prime factors of 244656?
2, 3, 1699
List the prime factors of 804716.
2, 11, 18289
List the prime factors of 30549716.
2, 37, 151, 1367
What are the prime factors of 21913?
17, 1289
List the prime factors of 1330186.
2, 11, 13, 4651
List the prime factors of 309012.
2, 3, 11, 2341
What are the prime factors of 93101?
157, 593
List the prime factors of 5303404.
2, 29, 131, 349
List the prime factors of 15985.
5, 23, 139
What are the prime factors of 18744264?
2, 3, 7, 11, 23
What are the prime factors of 12876064?
2, 211, 1907
What are the prime factors of 1098259?
29, 37871
List the prime factors of 35963638.
2, 17981819
List the prime factors of 77256.
2, 3, 29, 37
What are the prime factors of 572408?
2, 71551
List the prime factors of 2064602.
2, 43, 24007
What are the prime factors of 858864?
2, 3, 29, 617
List the prime factors of 939118.
2, 499, 941
List the prime factors of 475511.
475511
List the prime factors of 3030089.
23, 131743
What are the prime factors of 605791?
61, 9931
What are the prime factors of 168152?
2, 21019
List the prime factors of 471082.
2, 235541
What are the prime factors of 452025?
3, 5, 7, 41
List the prime factors of 1391980.
2, 5, 79, 881
What are the prime factors of 4474643?
4474643
List the prime factors of 1686986.
2, 7, 41, 2939
What are the prime factors of 688779?
3, 7, 13, 29
What are the prime factors of 10091330?
2, 5, 41, 151, 163
List the prime factors of 2489944.
2, 547, 569
List the prime factors of 244248.
2, 3, 10177
What are the prime factors of 18059018?
2, 1187, 7607
List the prime factors of 164883.
3, 17, 53, 61
List the prime factors of 7610179.
7610179
List the prime factors of 4547525.
5, 101, 1801
What are the prime factors of 213142?
2, 19, 71, 79
What are the prime factors of 8259876?
2, 3, 479
List the prime factors of 274743.
3, 7, 89
What are the prime factors of 568970?
2, 5, 56897
List the prime factors of 15187488.
2, 3, 281, 563
What are the prime factors of 15272336?
2, 31, 41, 751
List the prime factors of 211740.
2, 3, 5, 3529
List the prime factors of 196288.
2, 3067
What are the prime factors of 4884351?
3, 1628117
What are the prime factors of 3889819?
67, 58057
What are the prime factors of 538894?
2, 211, 1277
List the prime factors of 3360868.
2, 7, 29, 4139
List the prime factors of 251332.
2, 19, 3307
List the prime factors of 28126418.
2, 14063209
What are the prime factors of 264044?
2, 11, 17, 353
List the prime factors of 189509.
189509
List the prime factors of 812655.
3, 5, 18059
List the prime factors of 1827126.
2, 3, 7, 17, 853
What are the prime factors of 911267?
7, 29, 67
List the prime factors of 93703.
93703
What are the prime factors of 3599861?
773, 4657
List the prime factors of 650723.
79, 8237
What are the prime factors of 1296528?
2, 3, 27011
List the prime factors of 1511444.
2, 11, 34351
What are the prime factors of 584901?
3, 29, 83
What are the prime factors of 3547431?
3, 613, 643
What are the prime factors of 452615?
5, 90523
List the prime factors of 127768.
2, 15971
What are the prime factors of 1942546?
2, 971273
List the prime factors of 6234114.
2, 3, 389, 2671
What are the prime factors of 6957233?
17, 61, 6709
What are the prime factors of 897846?
2, 3, 151, 991
List the prime factors of 261434.
2, 67, 1951
List the prime factors of 2856804.
2, 3, 317, 751
List the prime factors of 8280616.
2, 1035077
What are the prime factors of 5680537?
263, 21599
List the prime factors of 1036772.
2, 11, 23563
What are the prime factors of 759633?
3, 7, 61, 593
What are the prime factors of 1437?
3, 479
List the prime factors of 1149196.
2, 19, 15121
What are the prime factors of 1651493?
1651493
List the prime factors of 2718225.
3, 5, 4027
List the prime factors of 8475161.
2591, 3271
List the prime factors of 6523266.
2, 3, 239, 4549
What are the prime factors of 672013?
467, 1439
List the prime factors of 334520.
2, 5, 8363
List the prime factors of 10585.
5, 29, 73
List the prime factors of 18884.
2, 4721
List the prime factors of 11294972.
2, 13, 83, 2617
List the prime factors of 642789.
3, 7, 19, 179
What are the prime factors of 5787897?
3, 257, 7507
List the prime factors of 3316136.
2, 199, 2083
What are the prime factors of 1759641?
3, 13, 45119
What are the prime factors of 5125691?
1061, 4831
What are the prime factors of 34444375?
5, 7, 7873
What are the prime factors of 4780569?
3, 1593523
List the prime factors of 3298515.
3, 5, 11, 19991
What are the prime factors of 1981773?
3, 29, 2531
What are the prime factors of 1288725?
3, 5, 17183
What are the prime factors of 817211?
817211
List the prime factors of 1787434.
2, 11, 113, 719
List the prime factors of 130975.
5, 13, 31
What are the prime factors of 12191158?
2, 7, 211, 4127
What are the prime factors of 1464660?
2, 3, 5, 79, 103
List the prime factors of 5165289.
3, 43, 1483
What are the prime factors of 906391?
906391
List the prime factors of 4026.
2, 3, 11, 61
What are the prime factors of 8097253?
17, 331, 1439
List the prime factors of 215788.
2, 73, 739
What are the prime factors of 862913?
862913
What are the prime factors of 8145143?
29, 37, 7591
What are the prime factors of 693877?
693877
List the prime factors of 644605.
5, 13, 47, 211
What are the prime factors of 195686?
2, 97843
List the prime factors of 6083529.
3, 2027843
List the prime factors of 271643.
17, 19, 29
What are the prime factors of 15444977?
1061, 14557
What are the prime factors of 81885?
3, 5, 53, 103
What are the prime factors of 280919?
43, 47, 139
What are the prime factors of 2033937?
3, 71, 1061
What are the prime factors of 254822?
2, 103, 1237
List the prime factors of 945281.
233, 4057
List the prime factors of 344643.
3, 13, 8837
What are the prime factors of 167329?
167329
List the prime factors of 232332.
2, 3, 19, 1019
What are the prime factors of 11580627?
3, 3860209
List the prime factors of 3240679.
13, 109, 2287
What are the prime factors of 23642305?
5, 31, 152531
List the prime factors of 191099.
191099
List the prime factors of 1126250.
2, 5, 17, 53
What are the prime factors of 6421108?
2, 1605277
List the prime factors of 2341314.
2, 3, 130073
List the prime factors of 545838.
2, 3, 29, 3137
List the prime factors of 15873457.
31, 512047
List the prime factors of 1075928.
2, 7, 19213
List the prime factors of 2732801.
17, 160753
List the prime factors of 1465226.
2, 7, 104659
List the prime factors of 15814731.
3, 23, 229199
List the prime factors of 301987.
7, 6163
List the prime factors of 1790467.
7, 31, 37, 223
List the prime factors of 27507754.
2, 101, 136177
What are the prime factors of 12058276?
2, 1237, 2437
List the prime factors of 3002326.
2, 89, 101, 167
What are the prime factors of 8541096?
2, 3, 23, 15473
What are the prime factors of 8733690?
2, 3, 5, 7, 4621
What are the prime factors of 12747642?
2, 3, 997, 2131
What are the prime factors of 22300?
2, 5, 223
What are the prime factors of 24758026?
2, 19, 31, 21017
What are the prime factors of 20640943?
47, 643, 683
List the prime factors of 1270859.
1270859
List the prime factors of 42882.
2, 3, 7, 1021
What are the prime factors of 12891178?
2, 23, 280243
What are the prime factors of 87359?
87359
What are the prime factors of 5818?
2, 2909
List the prime factors of 16236314.
2, 8118157
List the prime factors of 22127326.
2, 13, 851051
List the prime factors of 24503816.
2, 1129, 2713
List the prime factors of 6499663.
6499663
List the prime factors of 19147.
41, 467
What are the prime factors of 77528?
2, 11, 881
List the prime factors of 1783199.
11, 162109
What are the prime factors of 4766348?
2, 271, 4397
List the prime factors of 409343.
11, 17, 199
List the prime factors of 1440357.
3, 223, 2153
What are the prime factors of 137807?
19, 7253
List the prime factors of 282703.
282703
What are the prime factors of 11958